3*q. Calculate the remainder when w is divided by q.
1
Suppose 0 = 2*s + 3*s - 40. Let k be (-1)/2*(-164)/1. Suppose -5*o + k = -33. Calculate the remainder when o is divided by s.
7
Suppose 0 = 5*o - 2*o - 6. Calculate the remainder when (-10)/5*(-57)/o is divided by 15.
12
Let u(g) = -6*g**2 + 7*g + g**3 + 3 - 7 + 2*g. Calculate the remainder when u(6) is divided by 17.
16
What is the remainder when (-308)/(-3) - 20/30 is divided by 26?
24
Let k = -50 - -67. Calculate the remainder when 169 is divided by k.
16
Let z(j) = -51*j + 7. Calculate the remainder when z(-2) is divided by 22.
21
Let a = -6 + 8. Suppose -3*l + 4*k + 29 + 27 = 0, l + 2*k = a. What is the remainder when 34 is divided by l?
10
Let x = 1 - -6. Suppose 0 = 2*m - 6*m - 52. Calculate the remainder when (m/(-2))/((-3)/(-6)) is divided by x.
6
Let i(t) = t**2 + 7*t + 2. Let b be i(-7). Suppose 0 = 3*n + b*n - 205. Calculate the remainder when n is divided by 21.
20
Let v be ((-33)/9)/(1/6). Let b = v + 37. What is the remainder when -2*1*b/(-2) is divided by 8?
7
Let x be 0 - 14/6*3. Let p = x + 18. Let c = 84 + -53. What is the remainder when c is divided by p?
9
Suppose f = 7 + 9. Let j be f/6*6/4. What is the remainder when 11 is divided by (-5 - -2)*j/(-3)?
3
Let u(v) = v - 1. Let g be u(1). Let n = g + 2. Suppose -3 = -n*h + 15. What is the remainder when 25 is divided by h?
7
Suppose 3*g = 3*p + 450, -747 = -5*g + 5*p - p. Calculate the remainder when g is divided by 38.
33
What is the remainder when 37 is divided by (-8)/36 + (-736)/(-72)?
7
Suppose -2*a - 42 = -u + 1, 4*u - a - 186 = 0. Calculate the remainder when u is divided by 10.
7
Let r(j) = j**3 + 4*j + 2. Let w be r(-3). Let b = 53 + w. Calculate the remainder when b is divided by 6.
4
Let v be 1*(-1)/2*2. What is the remainder when (2 - 2) + (v - -38) is divided by 19?
18
Suppose -2*h + 141 = -5*h. Let i = -5 - h. Calculate the remainder when i is divided by 11.
9
Let y = 108 - 3. What is the remainder when y is divided by 12?
9
Let n(u) = -u**3 - 4*u**2 + 5*u - 3. Let p be n(-5). Let a = p - -45. What is the remainder when a is divided by 11?
9
Suppose 3*b + 6 = -3*f, 2*b - 4*f = -7 - 21. Let p = b - -9. Suppose 4*m - p*m = 22. What is the remainder when m is divided by 12?
10
Suppose -5*j - 18 = -3*h - 1, -5*j = 4*h - 11. What is the remainder when (-3)/((-6)/7)*2 is divided by h?
3
Suppose -3*o = 3*k - 15, 46 = 5*o - 3*k - 11. Calculate the remainder when 7 is divided by (-19)/(-4) - o/(-36).
2
Let c(n) = -2*n + 8. Let w be c(-9). Let f = 44 - w. Let g = -11 + f. Calculate the remainder when g is divided by 4.
3
What is the remainder when 31 is divided by (-15)/20 + (-105)/(-12)?
7
Suppose -j = 2*o - 6*o - 1, j - o = 1. Let l be 3 - (-1 - j)/(-2). Suppose -l*v = v - 9. What is the remainder when 4 is divided by v?
1
Suppose -23 - 9 = -16*r. Calculate the remainder when 7/1*(2 - 1) is divided by r.
1
Suppose 5*z = -5*f, 3*z - 4*f - 29 + 8 = 0. Suppose -2*v + 5*w - 3 = -0*v, -2*v + 17 = -w. Calculate the remainder when v is divided by z.
2
Let u = 69 + -49. Calculate the remainder when 39 is divided by u.
19
Let u(j) = -9*j - 5. What is the remainder when 122 is divided by u(-4)?
29
Suppose 7 = 4*t - 5. Let k(q) = q + 1. Suppose -3*h + 20 = x + h, -5*h = -25. Calculate the remainder when t is divided by k(x).
0
Let b(f) = f**3 - 13*f**2 + 11*f + 14. Let l be b(12). Calculate the remainder when 8 is divided by l/(-7) + 37/7.
3
Let u(j) = 2*j + 6. Let q be u(-6). Let v = q - -13. What is the remainder when v is divided by 5?
2
Let n be (-13 + 1 - -3) + 2. Let u = 2 - n. Calculate the remainder when u is divided by 42/8 - 4/16.
4
Let i(o) = -o**3 - 8*o**2 - 3*o + 8. What is the remainder when i(-8) is divided by 12?
8
Let q = 52 + -37. What is the remainder when q is divided by 10?
5
Let v be -1 + (0 - -1 - 2). Let t(y) = 8*y**2 + 3*y. Suppose 4*d - 5*a = -4*a + 57, -3*d + a + 43 = 0. Calculate the remainder when t(v) is divided by d.
12
Let n(k) = 6*k + 1. Let a be n(1). Let p be (-17)/(-2) + (-2)/(-4). Let l = a + p. What is the remainder when 30 is divided by l?
14
Let x be (-4)/(-18) + (-716)/(-18). Suppose -2*c + 6*c = x. Let r = -5 - -9. What is the remainder when c is divided by r?
2
Let w = -9 + 10. What is the remainder when 11 is divided by (1 + w)*(-21)/(-7)?
5
Suppose s - 47 = -3*z, 5 = z - 5*s - 0. Calculate the remainder when z is divided by 4.
3
Let o be 2*-1 + 15 + -2. Suppose -6*x + 18 = -2*z - x, z - 3*x = -o. Suppose z = -3*w + 34. Calculate the remainder when 20 is divided by w.
9
Calculate the remainder when 22 is divided by (-25)/(-2) + 2*(-3)/(-12).
9
Let c = 209 - 136. Calculate the remainder when c is divided by (-38)/4*(-12)/6.
16
Let a(z) = z**2. What is the remainder when a(-3) is divided by 4?
1
Let l = 3 - 1. Let r = 8 - -1. Suppose -j - 22 = -5*i, -16 - r = -5*i. Calculate the remainder when j is divided by l.
1
What is the remainder when (9/(-4))/((-4)/112) is divided by 22?
19
Calculate the remainder when 24 + -18 + 1/(-1) + 1 is divided by 4.
2
Calculate the remainder when 65 is divided by (34/3)/((-20)/(-30)).
14
Suppose 4*x + 0*c = 3*c + 20, -4*c = -16. Calculate the remainder when x is divided by 5.
3
Suppose 0 = -0*z + z - 2. Suppose -159 = -5*j - 2*k, -3*k = 4*j - z*j - 68. Suppose -3*l + l = -32. Calculate the remainder when j is divided by l.
15
Suppose 4 + 5 = 3*l. Let g = l + -1. Calculate the remainder when 4 is divided by g.
0
Let p(t) = 2*t - 2. Let z be p(7). Let d = -8 + z. Suppose -4*w = -5*g + 9 + 14, -2*g = -d*w - 2. What is the remainder when 26 is divided by g?
5
Let k(h) = h - 4. Suppose 2*y = n + 2 + 1, -5*y - 2*n = -21. Let i be k(y). Let f(d) = 9*d**2. Calculate the remainder when 26 is divided by f(i).
8
Suppose -3*b = -9 - 3. Let r(o) = -o + 4. Let d be r(0). Let s = d + b. What is the remainder when s is divided by 5?
3
Let n(m) = -m**2 + 10*m - 5. What is the remainder when n(8) is divided by 7?
4
Let x(j) = -7 + 0*j + 8 - j. Let z = 7 + -10. What is the remainder when 7 is divided by x(z)?
3
Let f be (-4)/(-8)*8/2. Suppose 51 - 145 = -f*w. Let z = -3 - -19. What is the remainder when w is divided by z?
15
Suppose 3*y + 2*c = -93, 2*y = 3*y - 3*c + 31. Let w = y - -55. Calculate the remainder when w is divided by 13.
11
Let v(y) = 7*y**2 + 4. Let s be 28/(-42)*18/(-4). What is the remainder when v(s) is divided by 35?
32
Let l(z) = -11*z - 5 + 0 + 3. Calculate the remainder when l(-3) is divided by ((-3)/6)/(1/(-22)).
9
Suppose 130 + 80 = 5*u. What is the remainder when 161 is divided by u?
35
Let n = 55 + -4. Suppose -1 + 66 = 5*o. Calculate the remainder when n is divided by o.
12
Let d be (3/(-1) - -2)*-3. Suppose 2*t + 3*n = 16, -2*n = t - d*t - 4. Suppose -3*r + 37 = -t*r. Calculate the remainder when r is divided by 13.
11
Suppose -4*s - 12 = 0, -2*p = -2*s - s - 59. Let q = 10 + p. Suppose -3*v + 48 - 12 = 0. What is the remainder when q is divided by v?
11
Let s(c) = -2*c**2 - 45*c - 34. Calculate the remainder when s(-20) is divided by 36.
30
Let j(u) = u**3 - 4*u**2 + 5. Suppose i - 5*i = 0, i - 8 = -2*m. What is the remainder when 13 is divided by j(m)?
3
Let x = 71 + -67. Calculate the remainder when 41 is divided by x.
1
Suppose -7*t = -3*t - 4*x + 28, 5*t = -2*x - 7. What is the remainder when 74 + (-9 + 3 - t) is divided by 18?
17
Suppose 16 - 284 = -4*j. Let w = j - 47. Calculate the remainder when w is divided by 7.
6
Suppose -q + 3*h = -52 - 40, 2*q - 204 = h. Calculate the remainder when q is divided by 15.
14
Let z(k) = 21*k + 4. Let d be z(-4). What is the remainder when (-5 - -2)/(6/d) is divided by 1 + (13 - (-2 + 2))?
12
Suppose k - 15 = 2*g, 5*g + 6*k + 5 = 2*k. Let c = 2 - g. Suppose 12 + 13 = 2*y + m, -y + 3*m + 16 = 0. What is the remainder when y is divided by c?
6
Let m be (1 + -1)*(-3)/3. Suppose m = 4*g - 84 + 444. Let d = g + 133. What is the remainder when d is divided by 22?
21
What is the remainder when 37 is divided by 19 - (-4 + 2 - -1)?
17
Suppose -2*k = -4*u - 18, -4*k + 5*u = -0*k - 36. Calculate the remainder when (4/6)/((-1)/(-51)) is divided by k.
7
Let i(a) = 4*a**2 + 5*a - 2. Let c be i(-5). Let q = 139 - c. Calculate the remainder when q is divided by 17.
15
Let y(i) = 30*i**2 - i. Calculate the remai